*3 + 13*g**2 - 2*g - 17. Let o be 4/22 - 435/33. What is the remainder when x(o) is divided by 0 - 1 - (1 + -5)?
0
Let h = -28 + 19. Let y(f) = f**3 + 6*f**2 + 2*f. Let x be y(-3). Let w = h + x. What is the remainder when w is divided by 7?
5
Suppose 5 = -o - 4*m, 2 = 2*o + 2*m - 0. Suppose -2*i + i = k, 4*i = -k - 6. Calculate the remainder when o is divided by k.
1
What is the remainder when 56 is divided by 22/(-66) - (-116)/6?
18
Let z(f) = f**3 - 5*f**2 - 6*f + 6. Suppose -2*u - 11 = 3*m + 3*u, 2*m + 3*u + 8 = 0. What is the remainder when -2 - -4 - m - -2 is divided by z(6)?
5
Let u(m) = 4*m**3 - m**2 - 3*m + 2. Let q be u(2). Let p = q - -35. What is the remainder when p is divided by 12?
11
Suppose -j + 1 = 0, 2*a = -4*j - 6 + 28. What is the remainder when a is divided by 21/4 - 4/16?
4
What is the remainder when 16 is divided by 8 + (12/15 - (-44)/20)?
5
Let q be 0 + -3 + 0 - -1. Let u(y) = y + 3*y**2 + 1 + 3*y**2 + 0*y - 3*y. Calculate the remainder when u(q) is divided by 15.
14
Suppose -5*o - 11 = -66. Let f(a) = 32*a**2. What is the remainder when f(-1) is divided by o?
10
Suppose 5*y + 3 = -4*x, 0*x - 2*x - 3*y + 1 = 0. Let m = -6 - x. What is the remainder when m is divided by 1?
0
Let c be 2/8 + (-115)/(-20). Suppose 2*n + 80 + c = 0. What is the remainder when n/(-3) - (-4)/6 is divided by 8?
7
Let l = -6 - -2. Let h(d) = -d**2 - 6*d - 2. Suppose -m - 2*x = -0*m - 15, m - 4*x = 21. Calculate the remainder when m is divided by h(l).
5
Let o be 3 - 1 - -4 - 1. Suppose 35 = 5*a - o. What is the remainder when 22 is divided by a?
6
Suppose 5*t + 5*y + 6 = 26, -5*y = 0. Suppose -t*c = -3*c - 40. Suppose 10 = -n + 3*n, -3*g - n = -47. Calculate the remainder when c is divided by g.
12
Let f(t) = 4*t**2 - 6*t - 5. What is the remainder when f(4) is divided by 12?
11
Let a(j) = j**3 - 4*j**2 + j - 1. What is the remainder when a(5) is divided by 15?
14
Let u = -160 + 201. What is the remainder when 160 is divided by u?
37
What is the remainder when 34 is divided by 19 - (5 - 6)*-4?
4
Let t(v) = -v**3 + 2*v**2 + 3*v + 3. Calculate the remainder when 63/13 + (-6)/(-39) is divided by t(3).
2
Suppose 0 = -2*q + p + 5, -4*p - p - 5 = 0. Suppose 0*h = -q*a - h + 24, -5*h = 20. What is the remainder when 25 is divided by a?
11
Let h = -1 + 2. Suppose -3*p + 6 = 0, 1 + 3 = -2*z + 3*p. Calculate the remainder when z is divided by h.
0
Let v(y) = -2*y**3 - 5*y**2 + y - 2. Let m be v(-4). Suppose r + m = 3*r. Calculate the remainder when r is divided by 6.
3
Let j = -9 + 21. What is the remainder when 46 is divided by j?
10
Let g(d) = -d**3 + 3*d**2 + 3*d. What is the remainder when 34 is divided by g(3)?
7
Let h(p) = p - 14. Let y be h(12). Calculate the remainder when 8 is divided by 2 - (y + 0 + 1).
2
Suppose 0 = 5*t - 7*t + 8. Calculate the remainder when 14 is divided by t.
2
Let q(w) = 47*w**2 + w - 7. Let t be q(-3). Suppose 3*o + t = 5*l, 2*l - 2*o = -3*l + 417. Calculate the remainder when l is divided by 29.
27
Let o = 8 + -2. Suppose -25 = 4*i - 5, 20 = 2*l - 4*i. Let r = l + 3. What is the remainder when o is divided by r?
0
Let c = 13 + -8. Suppose 62 = c*s - 8. Calculate the remainder when 26 is divided by s.
12
Calculate the remainder when 23 is divided by 2/16 - 475/(-40).
11
Let a = 7 - 4. Suppose -j = -a*j - g + 10, -2*g + 8 = 0. Suppose 0*t = -j*t + 21. What is the remainder when t is divided by 2?
1
Let p = 84 + -54. What is the remainder when p is divided by 8?
6
Let v = 35 - 18. What is the remainder when v is divided by 5?
2
Suppose 0 = -3*t - 0*t + 6. Suppose -t*v + 5*o + 9 = 0, -3*o + 45 = 5*v - 2*v. What is the remainder when v is divided by 7?
5
Suppose s = -4*o + o + 62, -2*s + 97 = -3*o. What is the remainder when s is divided by 8?
5
Suppose 17*t = 22*t - 40. Suppose 17 = 5*q - 53. What is the remainder when q is divided by t?
6
Let j = 1 + 2. Suppose 0 = -j*v + 4 + 2. What is the remainder when 3 is divided by (v/(-1) - -1)/(-1)?
0
Suppose -2*i + 0 = -6. Suppose y = -i*y + 60. Suppose 4*d - y + 3 = 0. What is the remainder when 8 is divided by d?
2
Let m(a) = -a + 4. What is the remainder when 54 is divided by m(-7)?
10
Suppose 2*u + 0*i + 31 = 3*i, 15 = -3*i. Let x = 27 + u. What is the remainder when 8 is divided by x?
0
Let s = 81 + -54. Calculate the remainder when s is divided by 4.
3
Let u = 6 + -1. Suppose 8*j - 28 = -4*b + u*j, 0 = -4*b + 4*j. Calculate the remainder when 22*(10/4 - 2) is divided by b.
3
Let u = 122 - 41. Calculate the remainder when u is divided by 21.
18
Let x(s) = s + 22. What is the remainder when 46 is divided by x(-5)?
12
Suppose g = u - 4*g - 62, -4*u + 197 = -3*g. Calculate the remainder when u is divided by 12.
11
Suppose -7*s - 4*s = -154. Suppose 0 = -0*h + 2*h - 108. What is the remainder when h is divided by s?
12
Let c = -15 + 38. Suppose 3*d = -3*l + 12, 4*d + d - 8 = -3*l. What is the remainder when c is divided by l?
5
Let x be (5 - (3 - 1)) + -10. Let d(k) = -2*k**3 + 7*k**2 + 7 + 3*k**3 + 7*k + k**2. Calculate the remainder when 13 is divided by d(x).
6
Let i(r) = -r**3 - 5*r**2 - 3*r - 23. What is the remainder when i(-7) is divided by 9?
6
Suppose -n = 4*g - 8 - 22, 0 = 3*g - 15. Calculate the remainder when 28 is divided by n.
8
Suppose -i + 0 = -2*a + 3, -12 = 5*a + 4*i. Suppose a + 8 = 4*b, -5*l + 2 = b. Calculate the remainder when 13 is divided by (0 - (l - 1))*5.
3
Suppose 0 = -3*t + 5*t. Suppose -5*r + 14 + 11 = t. What is the remainder when 18 is divided by r?
3
Let n(f) = -11*f**2 - f + 1. Let z be n(2). Let r = -27 - z. Let t(j) = -6*j - 2. What is the remainder when r is divided by t(-2)?
8
Let b = 132 - 75. What is the remainder when b is divided by ((-8)/3)/((-54)/405)?
17
Let l(q) = -3*q + 15. Let o be l(11). What is the remainder when 35 is divided by 498/54 + 4/o?
8
Let z(r) = -r**3 + 10*r**2 - 8*r - 7. Let k be z(9). Suppose 4*n - 3*q = 20, -4*n - k*q + 0*q = -40. What is the remainder when 30 is divided by n?
6
Let p = -16 + 31. Let q(f) = -1 + 25*f**2 + 12*f**2 + 8*f**2. Calculate the remainder when q(-1) is divided by p.
14
What is the remainder when 98 is divided by ((-4)/8)/((-7)/462)?
32
What is the remainder when 25 is divided by (13/2)/(8/16)?
12
Let m(v) = -7*v - 6. Suppose -359 = -8*g - 15. What is the remainder when g is divided by m(-4)?
21
Let p = -19 + 48. Let g = -48 + 18. What is the remainder when p is divided by (g/4)/((-9)/12)?
9
Let r(m) = -19*m**2 + 3*m. Let c be r(-3). What is the remainder when ((-2)/4)/(3/c) is divided by 16?
14
Suppose b = -2 - 2. Let g(q) = q + 9. Calculate the remainder when g(b) is divided by 2.
1
Let i = 16 - -62. Suppose z = 5*f + i, 6*z - 2*z - 5*f - 237 = 0. Suppose -2*g - z = 5*s - 166, 3*s = g + 59. Calculate the remainder when s is divided by 11.
10
Suppose c + 10 = -5*r, -4*r = 3*c - 3 - 0. What is the remainder when c is divided by 3?
2
Suppose -c + 3*c + 26 = 0. Let r = -8 - c. Suppose -r*k + 40 = -25. What is the remainder when k is divided by 5?
3
Let g = -29 - -53. Let w be (-145)/(-7) + 6/21. Let d = w + -8. Calculate the remainder when g is divided by d.
11
Suppose 0 = -5*o + 2*o. Let i = o - -13. Let n(y) = 3*y + 6. Calculate the remainder when n(6) is divided by i.
11
Let t(g) = -g**3 - 8*g**2 - 4*g - 8. Let o be (-24)/15*(3 + 2). What is the remainder when t(o) is divided by 13?
11
What is the remainder when 23 is divided by (-255)/(-20) + (-2)/(-8)?
10
Suppose -m - 16 + 42 = 0. Suppose -4*n = -16, 0*u + 2*n - 17 = -u. What is the remainder when m is divided by u?
8
Let h be 120/16*2/3. Let v = 16 + h. What is the remainder when v is divided by 12?
9
Let w = 62 + -56. Calculate the remainder when w is divided by 2.
0
Let m = -21 - -107. Calculate the remainder when m is divided by 30.
26
Let x = 7 + -2. Let o(t) = t**2 - 5*t - 3. Let n be o(6). Suppose -d + n*d - 4 = 0. Calculate the remainder when x is divided by d.
1
Let j = -3 + 6. Suppose -y - f = 0, 0 = -0*y - 5*y - j*f + 2. Suppose -2*z = -3*b - 14 + y, 0 = -2*z - 5*b - 11. What is the remainder when 3 is divided by z?
1
Let l = 4 - 4. Suppose l = -u + 2. Suppose 0 = -s - 7*h + u*h + 23, 2*s + 5*h - 26 = 0. Calculate the remainder when 8 is divided by s.
2
What is the remainder when 26 is divided by 1313/143 - (-2)/(-11)?
8
Supp